{"id":7689,"date":"2021-09-23T14:25:37","date_gmt":"2021-09-23T14:25:37","guid":{"rendered":"https:\/\/www.afascol.org\/?post_type=product&#038;p=7689"},"modified":"2021-09-23T14:57:30","modified_gmt":"2021-09-23T14:57:30","slug":"pop-para-movil-afascol-superheroina","status":"publish","type":"product","link":"https:\/\/www.afascol.org\/index.php\/producto\/pop-para-movil-afascol-superheroina\/","title":{"rendered":"POP para m\u00f3vil AFASCOL Superheroina"},"content":{"rendered":"<p>Practico POP para sujeci\u00f3n de m\u00f3vil y que se no te caiga mientras ves tus redes, haces tus selfis, lees tus mensajes o ves tus pel\u00edculas favoritas.<\/p>\n<p>Para su mejor adherencia cuenta con una pegatina 3M de muy buena calidad<\/p>\n<p>No dejes que se te caiga el m\u00f3vil de la mano a la vez que nuestra superheroina AFASCOL te da energ\u00edas<\/p>\n<p>Imprescindible<\/p>\n","protected":false},"excerpt":{"rendered":"<p>Practico POP para sujeci\u00f3n de m\u00f3vil y que se no te caiga mientras ves tus redes, haces tus selfis, lees tus mensajes o ves tus pel\u00edculas favoritas. Para su mejor adherencia cuenta con una pegatina 3M de muy buena calidad No dejes que se te caiga el m\u00f3vil de la mano a la vez que&hellip;&nbsp;<a href=\"https:\/\/www.afascol.org\/index.php\/producto\/pop-para-movil-afascol-superheroina\/\" class=\"\" rel=\"bookmark\">Leer m\u00e1s &raquo;<span class=\"screen-reader-text\">POP para m\u00f3vil AFASCOL Superheroina<\/span><\/a><\/p>\n","protected":false},"featured_media":7682,"template":"","meta":{"ngg_post_thumbnail":0,"spay_email":"","jetpack_publicize_message":"","jetpack_is_tweetstorm":false,"jetpack_publicize_feature_enabled":true},"product_cat":[63],"product_tag":[],"jetpack_publicize_connections":[],"yoast_head":"<!-- This site is optimized with the Yoast SEO plugin v19.2 - https:\/\/yoast.com\/wordpress\/plugins\/seo\/ -->\n<title>POP para m\u00f3vil AFASCOL Superheroina - AFASCOL<\/title>\n<meta name=\"robots\" content=\"index, follow, max-snippet:-1, max-image-preview:large, max-video-preview:-1\" \/>\n<link rel=\"canonical\" href=\"https:\/\/www.afascol.org\/index.php\/producto\/pop-para-movil-afascol-superheroina\/\" \/>\n<meta property=\"og:locale\" content=\"es_ES\" \/>\n<meta property=\"og:type\" content=\"article\" \/>\n<meta property=\"og:title\" content=\"POP para m\u00f3vil AFASCOL Superheroina - AFASCOL\" \/>\n<meta property=\"og:description\" content=\"Practico POP para sujeci\u00f3n de m\u00f3vil y que se no te caiga mientras ves tus redes, haces tus selfis, lees tus mensajes o ves tus pel\u00edculas favoritas. Para su mejor adherencia cuenta con una pegatina 3M de muy buena calidad No dejes que se te caiga el m\u00f3vil de la mano a la vez que&hellip;&nbsp;Leer m\u00e1s &raquo;POP para m\u00f3vil AFASCOL Superheroina\" \/>\n<meta property=\"og:url\" content=\"https:\/\/www.afascol.org\/index.php\/producto\/pop-para-movil-afascol-superheroina\/\" \/>\n<meta property=\"og:site_name\" content=\"AFASCOL\" \/>\n<meta property=\"article:modified_time\" content=\"2021-09-23T14:57:30+00:00\" \/>\n<meta property=\"og:image\" content=\"https:\/\/i0.wp.com\/www.afascol.org\/wp-content\/uploads\/2021\/09\/IMG_20210923_144205-scaled.jpg?fit=2560%2C1920&ssl=1\" \/>\n\t<meta property=\"og:image:width\" content=\"2560\" \/>\n\t<meta property=\"og:image:height\" content=\"1920\" \/>\n\t<meta property=\"og:image:type\" content=\"image\/jpeg\" \/>\n<meta name=\"author\" content=\"Marcos\" \/>\n<meta name=\"twitter:card\" content=\"summary\" \/>\n<meta name=\"twitter:label1\" content=\"Tiempo de lectura\" \/>\n\t<meta name=\"twitter:data1\" content=\"1 minuto\" \/>\n<script type=\"application\/ld+json\" class=\"yoast-schema-graph\">{\"@context\":\"https:\/\/schema.org\",\"@graph\":[{\"@type\":\"WebSite\",\"@id\":\"https:\/\/www.afascol.org\/#website\",\"url\":\"https:\/\/www.afascol.org\/\",\"name\":\"AFASCOL\",\"description\":\"Asociaci\u00f3n de Familiares y Afectados por el S\u00edndrome de Stickler, SEDC y otras Colagenopat\u00edas Tipo II (COL2A1)\",\"potentialAction\":[{\"@type\":\"SearchAction\",\"target\":{\"@type\":\"EntryPoint\",\"urlTemplate\":\"https:\/\/www.afascol.org\/?s={search_term_string}\"},\"query-input\":\"required name=search_term_string\"}],\"inLanguage\":\"es\"},{\"@type\":\"ImageObject\",\"inLanguage\":\"es\",\"@id\":\"https:\/\/www.afascol.org\/index.php\/producto\/pop-para-movil-afascol-superheroina\/#primaryimage\",\"url\":\"https:\/\/i0.wp.com\/www.afascol.org\/wp-content\/uploads\/2021\/09\/IMG_20210923_144205-scaled.jpg?fit=2560%2C1920&ssl=1\",\"contentUrl\":\"https:\/\/i0.wp.com\/www.afascol.org\/wp-content\/uploads\/2021\/09\/IMG_20210923_144205-scaled.jpg?fit=2560%2C1920&ssl=1\",\"width\":2560,\"height\":1920},{\"@type\":\"WebPage\",\"@id\":\"https:\/\/www.afascol.org\/index.php\/producto\/pop-para-movil-afascol-superheroina\/#webpage\",\"url\":\"https:\/\/www.afascol.org\/index.php\/producto\/pop-para-movil-afascol-superheroina\/\",\"name\":\"POP para m\u00f3vil AFASCOL Superheroina - AFASCOL\",\"isPartOf\":{\"@id\":\"https:\/\/www.afascol.org\/#website\"},\"primaryImageOfPage\":{\"@id\":\"https:\/\/www.afascol.org\/index.php\/producto\/pop-para-movil-afascol-superheroina\/#primaryimage\"},\"datePublished\":\"2021-09-23T14:25:37+00:00\",\"dateModified\":\"2021-09-23T14:57:30+00:00\",\"breadcrumb\":{\"@id\":\"https:\/\/www.afascol.org\/index.php\/producto\/pop-para-movil-afascol-superheroina\/#breadcrumb\"},\"inLanguage\":\"es\",\"potentialAction\":[{\"@type\":\"ReadAction\",\"target\":[\"https:\/\/www.afascol.org\/index.php\/producto\/pop-para-movil-afascol-superheroina\/\"]}]},{\"@type\":\"BreadcrumbList\",\"@id\":\"https:\/\/www.afascol.org\/index.php\/producto\/pop-para-movil-afascol-superheroina\/#breadcrumb\",\"itemListElement\":[{\"@type\":\"ListItem\",\"position\":1,\"name\":\"Portada\",\"item\":\"https:\/\/www.afascol.org\/\"},{\"@type\":\"ListItem\",\"position\":2,\"name\":\"Tienda\",\"item\":\"https:\/\/www.afascol.org\/index.php\/tienda\/\"},{\"@type\":\"ListItem\",\"position\":3,\"name\":\"POP para m\u00f3vil AFASCOL Superheroina\"}]}]}<\/script>\n<!-- \/ Yoast SEO plugin. -->","yoast_head_json":{"title":"POP para m\u00f3vil AFASCOL Superheroina - AFASCOL","robots":{"index":"index","follow":"follow","max-snippet":"max-snippet:-1","max-image-preview":"max-image-preview:large","max-video-preview":"max-video-preview:-1"},"canonical":"https:\/\/www.afascol.org\/index.php\/producto\/pop-para-movil-afascol-superheroina\/","og_locale":"es_ES","og_type":"article","og_title":"POP para m\u00f3vil AFASCOL Superheroina - AFASCOL","og_description":"Practico POP para sujeci\u00f3n de m\u00f3vil y que se no te caiga mientras ves tus redes, haces tus selfis, lees tus mensajes o ves tus pel\u00edculas favoritas. Para su mejor adherencia cuenta con una pegatina 3M de muy buena calidad No dejes que se te caiga el m\u00f3vil de la mano a la vez que&hellip;&nbsp;Leer m\u00e1s &raquo;POP para m\u00f3vil AFASCOL Superheroina","og_url":"https:\/\/www.afascol.org\/index.php\/producto\/pop-para-movil-afascol-superheroina\/","og_site_name":"AFASCOL","article_modified_time":"2021-09-23T14:57:30+00:00","og_image":[{"width":2560,"height":1920,"url":"https:\/\/i0.wp.com\/www.afascol.org\/wp-content\/uploads\/2021\/09\/IMG_20210923_144205-scaled.jpg?fit=2560%2C1920&ssl=1","type":"image\/jpeg"}],"author":"Marcos","twitter_card":"summary","twitter_misc":{"Tiempo de lectura":"1 minuto"},"schema":{"@context":"https:\/\/schema.org","@graph":[{"@type":"WebSite","@id":"https:\/\/www.afascol.org\/#website","url":"https:\/\/www.afascol.org\/","name":"AFASCOL","description":"Asociaci\u00f3n de Familiares y Afectados por el S\u00edndrome de Stickler, SEDC y otras Colagenopat\u00edas Tipo II (COL2A1)","potentialAction":[{"@type":"SearchAction","target":{"@type":"EntryPoint","urlTemplate":"https:\/\/www.afascol.org\/?s={search_term_string}"},"query-input":"required name=search_term_string"}],"inLanguage":"es"},{"@type":"ImageObject","inLanguage":"es","@id":"https:\/\/www.afascol.org\/index.php\/producto\/pop-para-movil-afascol-superheroina\/#primaryimage","url":"https:\/\/i0.wp.com\/www.afascol.org\/wp-content\/uploads\/2021\/09\/IMG_20210923_144205-scaled.jpg?fit=2560%2C1920&ssl=1","contentUrl":"https:\/\/i0.wp.com\/www.afascol.org\/wp-content\/uploads\/2021\/09\/IMG_20210923_144205-scaled.jpg?fit=2560%2C1920&ssl=1","width":2560,"height":1920},{"@type":"WebPage","@id":"https:\/\/www.afascol.org\/index.php\/producto\/pop-para-movil-afascol-superheroina\/#webpage","url":"https:\/\/www.afascol.org\/index.php\/producto\/pop-para-movil-afascol-superheroina\/","name":"POP para m\u00f3vil AFASCOL Superheroina - AFASCOL","isPartOf":{"@id":"https:\/\/www.afascol.org\/#website"},"primaryImageOfPage":{"@id":"https:\/\/www.afascol.org\/index.php\/producto\/pop-para-movil-afascol-superheroina\/#primaryimage"},"datePublished":"2021-09-23T14:25:37+00:00","dateModified":"2021-09-23T14:57:30+00:00","breadcrumb":{"@id":"https:\/\/www.afascol.org\/index.php\/producto\/pop-para-movil-afascol-superheroina\/#breadcrumb"},"inLanguage":"es","potentialAction":[{"@type":"ReadAction","target":["https:\/\/www.afascol.org\/index.php\/producto\/pop-para-movil-afascol-superheroina\/"]}]},{"@type":"BreadcrumbList","@id":"https:\/\/www.afascol.org\/index.php\/producto\/pop-para-movil-afascol-superheroina\/#breadcrumb","itemListElement":[{"@type":"ListItem","position":1,"name":"Portada","item":"https:\/\/www.afascol.org\/"},{"@type":"ListItem","position":2,"name":"Tienda","item":"https:\/\/www.afascol.org\/index.php\/tienda\/"},{"@type":"ListItem","position":3,"name":"POP para m\u00f3vil AFASCOL Superheroina"}]}]}},"jetpack_sharing_enabled":true,"jetpack-related-posts":[{"id":7688,"url":"https:\/\/www.afascol.org\/index.php\/producto\/pop-para-movil-afascol-superheroe\/","url_meta":{"origin":7689,"position":0},"title":"POP para m\u00f3vil AFASCOL Superheroe","date":"23\/09\/2021","format":false,"excerpt":"POP para m\u00f3vil AFASCOL Superh\u00e9roe Practico POP para sujeci\u00f3n de m\u00f3vil y que se no te caiga mientras ves tus redes, haces tus selfis, lees tus mensajes o ves tus pel\u00edculas favoritas. Para su mejor adherencia cuenta con una pegatina 3M de muy buena calidad No dejes que se te\u2026","rel":"","context":"Entrada similar","img":{"alt_text":"","src":"https:\/\/i0.wp.com\/www.afascol.org\/wp-content\/uploads\/2021\/09\/IMG_20210923_144158-scaled.jpg?fit=1200%2C900&ssl=1&resize=350%2C200","width":350,"height":200},"classes":[]},{"id":7677,"url":"https:\/\/www.afascol.org\/index.php\/producto\/broche-corazon-afascol\/","url_meta":{"origin":7689,"position":1},"title":"Broche Coraz\u00f3n Afascol. Serie limitada.","date":"23\/09\/2021","format":false,"excerpt":"Precioso broche con forma de coraz\u00f3n AFASCOL, realizado a mano en una colaboraci\u00f3n especial de \"The Tropical Stitch\" (Instagram: @thetropicalstitch) No te lo puedes perder. Te dar\u00e1 un toque de distinci\u00f3n Se trata de una serie limitada a 10 unidades","rel":"","context":"Entrada similar","img":{"alt_text":"","src":"https:\/\/i0.wp.com\/www.afascol.org\/wp-content\/uploads\/2021\/09\/IMG_20210923_143013-scaled.jpg?fit=900%2C1200&ssl=1&resize=350%2C200","width":350,"height":200},"classes":[]},{"id":7671,"url":"https:\/\/www.afascol.org\/index.php\/producto\/broche-corazon-afascol-con-genes-serie-limitada\/","url_meta":{"origin":7689,"position":2},"title":"Broche coraz\u00f3n Afascol con genes. Serie limitada.","date":"23\/09\/2021","format":false,"excerpt":"Broche coraz\u00f3n AFASCOL realizado a mano","rel":"","context":"Entrada similar","img":{"alt_text":"","src":"https:\/\/i0.wp.com\/www.afascol.org\/wp-content\/uploads\/2021\/09\/IMG_20210923_142931-scaled.jpg?fit=900%2C1200&ssl=1&resize=350%2C200","width":350,"height":200},"classes":[]},{"id":75,"url":"https:\/\/www.afascol.org\/index.php\/producto\/pulsera-afascol-org\/","url_meta":{"origin":7689,"position":3},"title":"Pulsera Afascol.org","date":"18\/07\/2016","format":false,"excerpt":"Maravillosa pulsera conmemorativa de la creaci\u00f3n de la asociaci\u00f3n afascol. Por una buena causa. \u00a0 Gracias a Creaciones Biyu por colaborar con nosotros. Para m\u00e1s informaci\u00f3n visitar https:\/\/www.facebook.com\/creacionesbiyu\/ Creacionesbiyu@gmail.com +34 699963533","rel":"","context":"Entrada similar","img":{"alt_text":"","src":"https:\/\/i0.wp.com\/www.afascol.org\/wp-content\/uploads\/2016\/07\/pulseraAFASCOL.jpg?fit=720%2C720&ssl=1&resize=350%2C200","width":350,"height":200},"classes":[]}],"_links":{"self":[{"href":"https:\/\/www.afascol.org\/index.php\/wp-json\/wp\/v2\/product\/7689"}],"collection":[{"href":"https:\/\/www.afascol.org\/index.php\/wp-json\/wp\/v2\/product"}],"about":[{"href":"https:\/\/www.afascol.org\/index.php\/wp-json\/wp\/v2\/types\/product"}],"wp:featuredmedia":[{"embeddable":true,"href":"https:\/\/www.afascol.org\/index.php\/wp-json\/wp\/v2\/media\/7682"}],"wp:attachment":[{"href":"https:\/\/www.afascol.org\/index.php\/wp-json\/wp\/v2\/media?parent=7689"}],"wp:term":[{"taxonomy":"product_cat","embeddable":true,"href":"https:\/\/www.afascol.org\/index.php\/wp-json\/wp\/v2\/product_cat?post=7689"},{"taxonomy":"product_tag","embeddable":true,"href":"https:\/\/www.afascol.org\/index.php\/wp-json\/wp\/v2\/product_tag?post=7689"}],"curies":[{"name":"wp","href":"https:\/\/api.w.org\/{rel}","templated":true}]}}